{"id":1688,"date":"2025-03-18T19:11:47","date_gmt":"2025-03-18T19:11:47","guid":{"rendered":"https:\/\/www.escolaniadelospalacios.es\/new\/?page_id=1688"},"modified":"2025-03-19T06:18:44","modified_gmt":"2025-03-19T06:18:44","slug":"contactos","status":"publish","type":"page","link":"https:\/\/www.escolaniadelospalacios.es\/new\/contactos\/","title":{"rendered":"Contactos"},"content":{"rendered":"\n<div class=\"uk-container uk-container-expand\">                \n                    <div class=\"uk-margin-large uk-container uk-container-large\"><div class=\"uk-grid tm-grid-expand uk-child-width-1-1\">\n<div class=\"uk-width-1-1@m\">\n    \n        \n            \n            \n            \n                \n                    \n<h1 class=\"uk-h6 uk-text-primary uk-scrollspy-inview\" uk-scrollspy-class=\"\" style=\"\">        Contacto    <\/h1>\n<div class=\"uk-heading-medium uk-text-secondary uk-margin-medium uk-margin-remove-top uk-scrollspy-inview\" uk-scrollspy-class=\"\" style=\"\">        Voces blancas    <\/div>\n                \n            \n        \n    \n<\/div><\/div><\/div><div class=\"uk-margin-xlarge uk-margin-remove-top uk-container uk-container-large\"><div class=\"uk-grid tm-grid-expand\" uk-grid=\"\">\n<div class=\"uk-width-1-2@m uk-first-column\">\n    \n        \n            \n            \n            \n                \n                    \n                \n            \n        \n    \n<\/div>\n<div class=\"uk-width-1-2@m\">\n    \n        \n            \n            \n            \n                \n                    <div class=\"uk-panel uk-scrollspy-inview\" uk-scrollspy-class=\"\" style=\"\"><p>Las voces blancas de la Escolan\u00eda son conocidas por su pureza y claridad. Estos j\u00f3venes cantantes han sido entrenados para producir un sonido impecable que puede transportar a los oyentes a otro mundo. Con una t\u00e9cnica vocal excepcional y una pasi\u00f3n por la m\u00fasica, las voces blancas de la Escolan\u00eda han conquistado el coraz\u00f3n de quienes tienen el privilegio de escucharlas.<\/p><\/div>\n<div class=\"uk-margin-medium uk-scrollspy-inview\" uk-scrollspy-class=\"\" style=\"\">    <ul class=\"uk-child-width-auto uk-grid-small uk-flex-inline uk-flex-middle uk-grid\" uk-grid=\"\">\n            <li class=\"el-item uk-first-column\">\n<a class=\"el-link\" href=\"https:\/\/www.youtube.com\/@1ESCOLANO\" target=\"_blank\" rel=\"noreferrer\"><span uk-icon=\"icon: youtube;\" class=\"uk-icon\"><svg width=\"20\" height=\"20\" viewBox=\"0 0 20 20\"><path d=\"M15,4.1c1,0.1,2.3,0,3,0.8c0.8,0.8,0.9,2.1,0.9,3.1C19,9.2,19,10.9,19,12c-0.1,1.1,0,2.4-0.5,3.4c-0.5,1.1-1.4,1.5-2.5,1.6 c-1.2,0.1-8.6,0.1-11,0c-1.1-0.1-2.4-0.1-3.2-1c-0.7-0.8-0.7-2-0.8-3C1,11.8,1,10.1,1,8.9c0-1.1,0-2.4,0.5-3.4C2,4.5,3,4.3,4.1,4.2 C5.3,4.1,12.6,4,15,4.1z M8,7.5v6l5.5-3L8,7.5z\"><\/path><\/svg><\/span><\/a><\/li>\n            <li class=\"el-item\">\n<a class=\"el-link\" href=\"https:\/\/www.facebook.com\/p\/ESCOLANIA-DE-LOS-PALACIOS-100063578109075\/?locale=es_ES\" target=\"_blank\" rel=\"noreferrer\"><span uk-icon=\"icon: facebook;\" class=\"uk-icon\"><svg width=\"20\" height=\"20\" viewBox=\"0 0 20 20\"><path d=\"M11,10h2.6l0.4-3H11V5.3c0-0.9,0.2-1.5,1.5-1.5H14V1.1c-0.3,0-1-0.1-2.1-0.1C9.6,1,8,2.4,8,5v2H5.5v3H8v8h3V10z\"><\/path><\/svg><\/span><\/a><\/li>\n    \n    <\/ul><\/div>\n                \n            \n        \n    \n<\/div><\/div><\/div>\n                                <\/div>\n\n\n<div class=\"wpforms-container wpforms-container-full wpforms-render-modern\" id=\"wpforms-1671\"><form id=\"wpforms-form-1671\" class=\"wpforms-validate wpforms-form wpforms-ajax-form\" data-formid=\"1671\" method=\"post\" enctype=\"multipart\/form-data\" action=\"\/new\/wp-json\/wp\/v2\/pages\/1688\" data-token=\"72145df436641b0236b8a8d202bbb115\" data-token-time=\"1775293572\"><noscript class=\"wpforms-error-noscript\">Please enable JavaScript in your browser to complete this form.<\/noscript><div class=\"wpforms-hidden\" id=\"wpforms-error-noscript\">Please enable JavaScript in your browser to complete this form.<\/div><div class=\"wpforms-field-container\"><div id=\"wpforms-1671-field_1-container\" class=\"wpforms-field wpforms-field-name\" data-field-id=\"1\"><label class=\"wpforms-field-label\" for=\"wpforms-1671-field_1\">Nombre <span class=\"wpforms-required-label\" aria-hidden=\"true\">*<\/span><\/label><input type=\"text\" id=\"wpforms-1671-field_1\" class=\"wpforms-field-large wpforms-field-required\" name=\"wpforms[fields][1]\" aria-errormessage=\"wpforms-1671-field_1-error\" required><\/div><div id=\"wpforms-1671-field_2-container\" class=\"wpforms-field wpforms-field-email\" data-field-id=\"2\"><label class=\"wpforms-field-label\" for=\"wpforms-1671-field_2\">Correo electr\u00f3nico <span class=\"wpforms-required-label\" aria-hidden=\"true\">*<\/span><\/label><input type=\"email\" id=\"wpforms-1671-field_2\" class=\"wpforms-field-large wpforms-field-required\" name=\"wpforms[fields][2]\" spellcheck=\"false\" aria-errormessage=\"wpforms-1671-field_2-error\" required><\/div><div id=\"wpforms-1671-field_4-container\" class=\"wpforms-field wpforms-field-text\" data-field-id=\"4\"><label class=\"wpforms-field-label\" for=\"wpforms-1671-field_4\">Direcci\u00f3n <span class=\"wpforms-required-label\" aria-hidden=\"true\">*<\/span><\/label><input type=\"text\" id=\"wpforms-1671-field_4\" class=\"wpforms-field-large wpforms-field-required\" name=\"wpforms[fields][4]\" aria-errormessage=\"wpforms-1671-field_4-error\" required><\/div><div id=\"wpforms-1671-field_6-container\" class=\"wpforms-field wpforms-field-text\" data-field-id=\"6\"><label class=\"wpforms-field-label\" for=\"wpforms-1671-field_6\">Localidad <span class=\"wpforms-required-label\" aria-hidden=\"true\">*<\/span><\/label><input type=\"text\" id=\"wpforms-1671-field_6\" class=\"wpforms-field-large wpforms-field-required\" name=\"wpforms[fields][6]\" aria-errormessage=\"wpforms-1671-field_6-error\" required><\/div><div id=\"wpforms-1671-field_5-container\" class=\"wpforms-field wpforms-field-text\" data-field-id=\"5\"><label class=\"wpforms-field-label\" for=\"wpforms-1671-field_5\">Provincia <span class=\"wpforms-required-label\" aria-hidden=\"true\">*<\/span><\/label><input type=\"text\" id=\"wpforms-1671-field_5\" class=\"wpforms-field-large wpforms-field-required\" name=\"wpforms[fields][5]\" aria-errormessage=\"wpforms-1671-field_5-error\" required><\/div><div id=\"wpforms-1671-field_7-container\" class=\"wpforms-field wpforms-field-text\" data-field-id=\"7\"><label class=\"wpforms-field-label\" for=\"wpforms-1671-field_7\">Telefono <span class=\"wpforms-required-label\" aria-hidden=\"true\">*<\/span><\/label><input type=\"text\" id=\"wpforms-1671-field_7\" class=\"wpforms-field-large wpforms-field-required\" name=\"wpforms[fields][7]\" aria-errormessage=\"wpforms-1671-field_7-error\" required><\/div><div id=\"wpforms-1671-field_3-container\" class=\"wpforms-field wpforms-field-textarea\" data-field-id=\"3\"><label class=\"wpforms-field-label\" for=\"wpforms-1671-field_3\">Mensaje<\/label><textarea id=\"wpforms-1671-field_3\" class=\"wpforms-field-large\" name=\"wpforms[fields][3]\" aria-errormessage=\"wpforms-1671-field_3-error\" ><\/textarea><\/div><div id=\"wpforms-1671-field_9-container\" class=\"wpforms-field wpforms-field-checkbox\" data-field-id=\"9\"><fieldset><legend class=\"wpforms-field-label wpforms-label-hide\" aria-hidden=\"false\">Casillas de verificaci\u00f3n <span class=\"wpforms-required-label\" aria-hidden=\"true\">*<\/span><\/legend><ul id=\"wpforms-1671-field_9\" class=\"wpforms-field-required\"><li class=\"choice-1 depth-1\"><input type=\"checkbox\" id=\"wpforms-1671-field_9_1\" name=\"wpforms[fields][9][]\" value=\"Consiento el uso de mis datos para los fines indicados en la Pol\u00edtica de Privacidad\" aria-errormessage=\"wpforms-1671-field_9_1-error\" required ><label class=\"wpforms-field-label-inline\" for=\"wpforms-1671-field_9_1\">Consiento el uso de mis datos para los fines indicados en la Pol\u00edtica de Privacidad<\/label><\/li><\/ul><\/fieldset><\/div><\/div><!-- .wpforms-field-container --><div class=\"wpforms-submit-container\" ><input type=\"hidden\" name=\"wpforms[id]\" value=\"1671\"><input type=\"hidden\" name=\"page_title\" value=\"\"><input type=\"hidden\" name=\"page_url\" value=\"https:\/\/www.escolaniadelospalacios.es\/new\/wp-json\/wp\/v2\/pages\/1688\"><input type=\"hidden\" name=\"url_referer\" value=\"\"><button type=\"submit\" name=\"wpforms[submit]\" id=\"wpforms-submit-1671\" class=\"wpforms-submit\" data-alt-text=\"Enviando...\" data-submit-text=\"Enviar\" aria-live=\"assertive\" value=\"wpforms-submit\">Enviar<\/button><img loading=\"lazy\" decoding=\"async\" src=\"https:\/\/www.escolaniadelospalacios.es\/new\/wp-content\/plugins\/wpforms-lite\/assets\/images\/submit-spin.svg\" class=\"wpforms-submit-spinner\" style=\"display: none;\" width=\"26\" height=\"26\" alt=\"Loading\"><\/div><\/form><\/div>  <!-- .wpforms-container -->\n\n\n\n<p><\/p>\n\n\n\n<p><\/p>\n","protected":false},"excerpt":{"rendered":"<p>Contacto Voces blancas Las voces blancas de la Escolan\u00eda son conocidas por su pureza y claridad. Estos j\u00f3venes cantantes han sido entrenados para producir un sonido impecable que puede transportar a los oyentes a otro mundo. Con una t\u00e9cnica vocal excepcional y una pasi\u00f3n por la m\u00fasica, las voces blancas de la Escolan\u00eda han conquistado [&hellip;]<\/p>\n","protected":false},"author":1,"featured_media":0,"parent":0,"menu_order":0,"comment_status":"closed","ping_status":"closed","template":"","meta":{"_acf_changed":false,"footnotes":""},"class_list":["post-1688","page","type-page","status-publish","hentry"],"acf":[],"jetpack_sharing_enabled":true,"_links":{"self":[{"href":"https:\/\/www.escolaniadelospalacios.es\/new\/wp-json\/wp\/v2\/pages\/1688","targetHints":{"allow":["GET"]}}],"collection":[{"href":"https:\/\/www.escolaniadelospalacios.es\/new\/wp-json\/wp\/v2\/pages"}],"about":[{"href":"https:\/\/www.escolaniadelospalacios.es\/new\/wp-json\/wp\/v2\/types\/page"}],"author":[{"embeddable":true,"href":"https:\/\/www.escolaniadelospalacios.es\/new\/wp-json\/wp\/v2\/users\/1"}],"replies":[{"embeddable":true,"href":"https:\/\/www.escolaniadelospalacios.es\/new\/wp-json\/wp\/v2\/comments?post=1688"}],"version-history":[{"count":7,"href":"https:\/\/www.escolaniadelospalacios.es\/new\/wp-json\/wp\/v2\/pages\/1688\/revisions"}],"predecessor-version":[{"id":1703,"href":"https:\/\/www.escolaniadelospalacios.es\/new\/wp-json\/wp\/v2\/pages\/1688\/revisions\/1703"}],"wp:attachment":[{"href":"https:\/\/www.escolaniadelospalacios.es\/new\/wp-json\/wp\/v2\/media?parent=1688"}],"curies":[{"name":"wp","href":"https:\/\/api.w.org\/{rel}","templated":true}]}}