{"id":4,"date":"2019-09-04T14:57:01","date_gmt":"2019-09-04T14:57:01","guid":{"rendered":"https:\/\/www.escolaniadelospalacios.es\/new\/?p=4"},"modified":"2024-09-18T16:54:07","modified_gmt":"2024-09-18T16:54:07","slug":"about","status":"publish","type":"page","link":"https:\/\/www.escolaniadelospalacios.es\/new\/about\/","title":{"rendered":"Historia"},"content":{"rendered":"<div><a href=\"#\">Historia<\/a><\/div>\n<h1>Creada para dar valores y formaci\u00f3n musical<\/h1>\n<p><img decoding=\"async\" src=\"\/new\/wp-content\/uploads\/2024\/05\/iniciohistoria.png\" alt=\"\"><\/p>\n<div>\n<p><time datetime=\"2018-07-03T12:40:14+00:00\">Creada en 2001<br \/><\/time><\/p>\n<\/div>\n<div>\n<p>Coro de voces blancas<\/p>\n<p>Creada en 2001 por Enrique Cabello, quien la dirigi\u00f3 hasta 2009, a\u00f1o en que se hizo cargo de la direcci\u00f3n musical Juan Manuel Busto. Est\u00e1 formada por 80 menores de 4 a 17 a\u00f1os, seleccionados en diversos centros escolares de la localidad por sus notables cualidades musicales. Los componentes de esta agrupaci\u00f3n reciben clases de t\u00e9cnica respiratoria, vocalizaci\u00f3n e interpretaci\u00f3n acordes a sus tempranas edades. Actualmente posee un repertorio variado de c\u00e1nones, villancicos navide\u00f1os, temas cl\u00e1sicos y populares a dos y tres voces iguales, as\u00ed como fragmentos de diversas sinfon\u00edas corales, de zarzuela y de \u00f3pera.<\/p>\n<p>Algunas actuaciones<\/p>\n<p>Ha actuado en televisi\u00f3n y en muchas ciudades de la geograf\u00eda nacional y especialmente en la andaluza con el patrocinio de la Fundaci\u00f3n Caja Sol \u201cLos Gozos de Diciembre\u201d, la Diputaci\u00f3n de Sevilla, la Junta de Andaluc\u00eda (entrega de medallas el 28 de febrero), el Ayuntamiento de Sevilla (reinaguraci\u00f3n de la Plaza Nueva, concierto inaugural del D\u00eda europeo de la M\u00fasica) el patronato de las Reales Atarazanas y la Catedral de Sevilla (bendici\u00f3n del Bel\u00e9n). Importante tambi\u00e9n los diez conciertos \u201cM\u00fasica del Alma\u201d (2005) sobre textos de San Juan de La Cruz junto al cantautor Amancio Prada. Ha participado en Galas L\u00edricas en Los Palacios, Utrera, San Fernando y Sevilla (Plaza de San Francisco) con prestigiosos tenores y sopranos y las bandas de m\u00fasica de Los Palacios, Utrera y la Municipal de Sevilla. A nivel europeo cabe destacar sus intervenciones en el Teatro Municipal de \u00c1gueda (Portugal), la Votive Kirche de Viena (Austria) y la iglesia de Montserrat en Roma.\u00a0<\/p>\n<p>Algunas colaboraciones<\/p>\n<p>Es colaborador habitual del teatro sevillano de La Maestranza y de la ROSS (Real Orquesta Sinf\u00f3nica de Sevilla) tanto en su programaci\u00f3n de \u00f3pera con t\u00edtulos como: Otello de Verdi (temporada 2002\/03 y 2015-16), La Zorrita Astuta de Jan\u00e1cek (2003\/04), El Peque\u00f1o Deshollinador de Britten (2003\/05 y 2015-16), H\u00e2nsel y Gretel de Humperdinck (2004\/05) (tambi\u00e9n cantada en Albacete), Tosca de Puccini (2006\/07 y 2013-14), Werther de Massenet (2007\/08), Turandot de Puccini (2009\/10), La Boheme de Puccini (2010\/11) y El Gato Mont\u00e9s de Penella (2012\/13); as\u00ed como en la programaci\u00f3n sinf\u00f3nica: 3\u00aa Sinfon\u00eda de G.Mahler (en 2003 y 2010), Carmina Burana de C.Orff (2004 y 2011), El Se\u00f1or de los Anillos de H. Shore (2004) y el Concierto Extraordinario de Navidad (2011).<\/p>\n<p>Algunas participaciones<\/p>\n<p>Destacar tambi\u00e9n la participaci\u00f3n en el concierto conmemorativo del XX aniversario del Teatro de La Maestranza y la ROSS (2011) en los que comparti\u00f3 escenario con el Coro Nacional de Espa\u00f1a. Ha sido dirigida por las prestigiosas batutas de maestros como Pedro Halfter, L\u00f3pez Cobos, Michel Plasson o Crist\u00f3bal Soler.<br \/>En los \u00faltimos a\u00f1os han participado en el Miserere de H. Eslava en la Catedral hispalense con la Asociaci\u00f3n Musical de Sevilla (2004, 2005, 2012 y 2013), el Coro de \u00d3pera del Maestranza (2006, 2007, 2008, 2009, 2010 y 2011) y la ROSS y en 2005 en la Bas\u00edlica de San Fco. El Grande de Madrid con la ROSS y el Orfe\u00f3n Pamplon\u00e9s. En marzo de 2007 lo cantaron en la Bas\u00edlica del Cristo de Medinaceli con la orquesta y coros de la Comunidad de Madrid.<\/p>\n<p>Es rese\u00f1able las retransmisiones de algunas de sus actuaciones por TVE, RTVE a nivel nacional, Canal Sur TV a nivel regional y multitud de radio y televisiones locales. Ha grabado 3 CD, uno \u201cCant\u00e1ndote\u201d con temas populares y cl\u00e1sicos, otro \u201cCant\u00e1ndote por Navidad\u201d con villancicos. Y otro con temas cl\u00e1sicos y religiosos, grabado en 2010. Tambi\u00e9n forma parte del disco \u201cEsp\u00edritu Navide\u00f1o\u201d de la Banda Sinf\u00f3nica Municipal de Sevilla.<\/p>\n<\/div>\n<p><!--more--><br \/>\n<!-- {\"type\":\"layout\",\"children\":[{\"type\":\"section\",\"props\":{\"image_loading\":true,\"image_position\":\"top-center\",\"media_visibility\":\"m\",\"padding\":\"none\",\"padding_remove_top\":false,\"style\":\"default\",\"title_breakpoint\":\"xl\",\"title_position\":\"top-left\",\"title_rotation\":\"left\",\"vertical_align\":\"\",\"width\":\"xlarge\",\"width_expand\":\"right\"},\"children\":[{\"type\":\"row\",\"props\":{\"layout\":\"2-5,3-5\"},\"children\":[{\"type\":\"column\",\"props\":{\"image_position\":\"center-center\",\"image_size\":\"cover\",\"order_first\":\"m\",\"padding\":\"none\",\"position_sticky_breakpoint\":\"m\",\"vertical_align\":\"middle\",\"width_medium\":\"2-5\"},\"children\":[{\"type\":\"headline\",\"props\":{\"content\":\"Historia\",\"link\":\"#\",\"link_style\":false,\"title_color\":\"primary\",\"title_element\":\"div\",\"title_style\":\"h6\",\"visibility\":\"m\"}},{\"type\":\"headline\",\"props\":{\"content\":\"Creada para dar valores y formaci\\u00f3n musical\",\"margin\":\"medium\",\"margin_remove_top\":false,\"maxwidth\":\"xlarge\",\"maxwidth_breakpoint\":\"l\",\"text_align\":\"left\",\"text_align_breakpoint\":\"m\",\"text_align_fallback\":\"center\",\"title_color\":\"background\",\"title_element\":\"h1\",\"visibility\":\"m\"}}]},{\"type\":\"column\",\"props\":{\"image_position\":\"center-center\",\"order_first\":\"xs\",\"position_sticky_breakpoint\":\"m\",\"width_medium\":\"3-5\"},\"children\":[{\"type\":\"image\",\"props\":{\"container_padding_remove\":true,\"css\":\"@media (max-width: 959px) {\\n    \\n    .el-element.uk-container-item-padding-remove-right {\\n        width: 100%;\\n        margin-right: 0;\\n    }\\n    \\n}\",\"image\":\"wp-content\\\/uploads\\\/2024\\\/05\\\/iniciohistoria.png\",\"image_loading\":true,\"image_svg_color\":\"emphasis\",\"image_width\":\"1210\",\"margin\":\"default\"}}]}]}],\"name\":\"Hero\"},{\"type\":\"section\",\"props\":{\"image_position\":\"center-center\",\"padding\":\"large\",\"padding_remove_bottom\":false,\"style\":\"default\",\"title_breakpoint\":\"xl\",\"title_position\":\"top-left\",\"title_rotation\":\"left\",\"vertical_align\":\"\",\"width\":\"small\"},\"children\":[{\"type\":\"row\",\"props\":{\"column_gap\":\"large\",\"layout\":\"1-5,4-5\",\"margin\":\"large\",\"row_gap\":\"large\"},\"children\":[{\"type\":\"column\",\"props\":{\"image_position\":\"center-center\",\"position_sticky_breakpoint\":\"m\",\"width_medium\":\"1-5\"},\"children\":[{\"type\":\"text\",\"props\":{\"column_breakpoint\":\"m\",\"content\":\"\n\n<p><time datetime=\\\"2018-07-03T12:40:14+00:00\\\">Creada en 2001<br \\\/><\\\/time><\\\/p>\",\"margin\":\"remove-vertical\",\"text_align\":\"left\",\"text_align_breakpoint\":\"m\",\"text_align_fallback\":\"center\",\"text_style\":\"small\"}}]},{\"type\":\"column\",\"props\":{\"image_position\":\"center-center\",\"position_sticky_breakpoint\":\"m\",\"width_medium\":\"4-5\"},\"children\":[{\"type\":\"text\",\"props\":{\"column_breakpoint\":\"m\",\"content\":\"\n\n<p>Coro de voces blancas<\\\/p>\\n\n\n<p>Creada en 2001 por Enrique Cabello, quien la dirigi\\u00f3 hasta 2009, a\\u00f1o en que se hizo cargo de la direcci\\u00f3n musical Juan Manuel Busto. Est\\u00e1 formada por 80 menores de 4 a 17 a\\u00f1os, seleccionados en diversos centros escolares de la localidad por sus notables cualidades musicales. Los componentes de esta agrupaci\\u00f3n reciben clases de t\\u00e9cnica respiratoria, vocalizaci\\u00f3n e interpretaci\\u00f3n acordes a sus tempranas edades. Actualmente posee un repertorio variado de c\\u00e1nones, villancicos navide\\u00f1os, temas cl\\u00e1sicos y populares a dos y tres voces iguales, as\\u00ed como fragmentos de diversas sinfon\\u00edas corales, de zarzuela y de \\u00f3pera.<\\\/p>\\n\n\n<p>Algunas actuaciones<br \\\/><br \\\/>Ha actuado en televisi\\u00f3n y en muchas ciudades de la geograf\\u00eda nacional y especialmente en la andaluza con el patrocinio de la Fundaci\\u00f3n Caja Sol \\u201cLos Gozos de Diciembre\\u201d, la Diputaci\\u00f3n de Sevilla, la Junta de Andaluc\\u00eda (entrega de medallas el 28 de febrero), el Ayuntamiento de Sevilla (reinaguraci\\u00f3n de la Plaza Nueva, concierto inaugural del D\\u00eda europeo de la M\\u00fasica) el patronato de las Reales Atarazanas y la Catedral de Sevilla (bendici\\u00f3n del Bel\\u00e9n). Importante tambi\\u00e9n los diez conciertos \\u201cM\\u00fasica del Alma\\u201d (2005) sobre textos de San Juan de La Cruz junto al cantautor Amancio Prada. Ha participado en Galas L\\u00edricas en Los Palacios, Utrera, San Fernando y Sevilla (Plaza de San Francisco) con prestigiosos tenores y sopranos y las bandas de m\\u00fasica de Los Palacios, Utrera y la Municipal de Sevilla. A nivel europeo cabe destacar sus intervenciones en el Teatro Municipal de \\u00c1gueda (Portugal), la Votive Kirche de Viena (Austria) y la iglesia de Montserrat en Roma.\\u00a0<br \\\/><br \\\/>Algunas colaboraciones<br \\\/><br \\\/>Es colaborador habitual del teatro sevillano de La Maestranza y de la ROSS (Real Orquesta Sinf\\u00f3nica de Sevilla) tanto en su programaci\\u00f3n de \\u00f3pera con t\\u00edtulos como: Otello de Verdi (temporada 2002\\\/03 y 2015-16), La Zorrita Astuta de Jan\\u00e1cek (2003\\\/04), El Peque\\u00f1o Deshollinador de Britten (2003\\\/05 y 2015-16), H\\u00e2nsel y Gretel de Humperdinck (2004\\\/05) (tambi\\u00e9n cantada en Albacete), Tosca de Puccini (2006\\\/07 y 2013-14), Werther de Massenet (2007\\\/08), Turandot de Puccini (2009\\\/10), La Boheme de Puccini (2010\\\/11) y El Gato Mont\\u00e9s de Penella (2012\\\/13); as\\u00ed como en la programaci\\u00f3n sinf\\u00f3nica: 3\\u00aa Sinfon\\u00eda de G.Mahler (en 2003 y 2010), Carmina Burana de C.Orff (2004 y 2011), El Se\\u00f1or de los Anillos de H. Shore (2004) y el Concierto Extraordinario de Navidad (2011).<br \\\/><br \\\/>Algunas participaciones<br \\\/><br \\\/>Destacar tambi\\u00e9n la participaci\\u00f3n en el concierto conmemorativo del XX aniversario del Teatro de La Maestranza y la ROSS (2011) en los que comparti\\u00f3 escenario con el Coro Nacional de Espa\\u00f1a. Ha sido dirigida por las prestigiosas batutas de maestros como Pedro Halfter, L\\u00f3pez Cobos, Michel Plasson o Crist\\u00f3bal Soler.<br \\\/>En los \\u00faltimos a\\u00f1os han participado en el Miserere de H. Eslava en la Catedral hispalense con la Asociaci\\u00f3n Musical de Sevilla (2004, 2005, 2012 y 2013), el Coro de \\u00d3pera del Maestranza (2006, 2007, 2008, 2009, 2010 y 2011) y la ROSS y en 2005 en la Bas\\u00edlica de San Fco. El Grande de Madrid con la ROSS y el Orfe\\u00f3n Pamplon\\u00e9s. En marzo de 2007 lo cantaron en la Bas\\u00edlica del Cristo de Medinaceli con la orquesta y coros de la Comunidad de Madrid.<br \\\/><br \\\/>Es rese\\u00f1able las retransmisiones de algunas de sus actuaciones por TVE, RTVE a nivel nacional, Canal Sur TV a nivel regional y multitud de radio y televisiones locales. Ha grabado 3 CD, uno \\u201cCant\\u00e1ndote\\u201d con temas populares y cl\\u00e1sicos, otro \\u201cCant\\u00e1ndote por Navidad\\u201d con villancicos. Y otro con temas cl\\u00e1sicos y religiosos, grabado en 2010. Tambi\\u00e9n forma parte del disco \\u201cEsp\\u00edritu Navide\\u00f1o\\u201d de la Banda Sinf\\u00f3nica Municipal de Sevilla.<\\\/p>\",\"dropcap\":false,\"margin\":\"default\"}}]}]}],\"name\":\"Post\"}],\"version\":\"4.4.8\"} --><\/p>\n","protected":false},"excerpt":{"rendered":"<p>Historia Creada para dar valores y formaci\u00f3n musical Creada en 2001 Coro de voces blancas Creada en 2001 por Enrique Cabello, quien la dirigi\u00f3 hasta 2009, a\u00f1o en que se hizo cargo de la direcci\u00f3n musical Juan Manuel Busto. Est\u00e1 formada por 80 menores de 4 a 17 a\u00f1os, seleccionados en diversos centros escolares de [&hellip;]<\/p>\n","protected":false},"author":1,"featured_media":0,"parent":0,"menu_order":8,"comment_status":"open","ping_status":"open","template":"","meta":{"_acf_changed":false,"footnotes":""},"class_list":["post-4","page","type-page","status-publish","hentry"],"acf":[],"jetpack_sharing_enabled":true,"_links":{"self":[{"href":"https:\/\/www.escolaniadelospalacios.es\/new\/wp-json\/wp\/v2\/pages\/4","targetHints":{"allow":["GET"]}}],"collection":[{"href":"https:\/\/www.escolaniadelospalacios.es\/new\/wp-json\/wp\/v2\/pages"}],"about":[{"href":"https:\/\/www.escolaniadelospalacios.es\/new\/wp-json\/wp\/v2\/types\/page"}],"author":[{"embeddable":true,"href":"https:\/\/www.escolaniadelospalacios.es\/new\/wp-json\/wp\/v2\/users\/1"}],"replies":[{"embeddable":true,"href":"https:\/\/www.escolaniadelospalacios.es\/new\/wp-json\/wp\/v2\/comments?post=4"}],"version-history":[{"count":10,"href":"https:\/\/www.escolaniadelospalacios.es\/new\/wp-json\/wp\/v2\/pages\/4\/revisions"}],"predecessor-version":[{"id":1585,"href":"https:\/\/www.escolaniadelospalacios.es\/new\/wp-json\/wp\/v2\/pages\/4\/revisions\/1585"}],"wp:attachment":[{"href":"https:\/\/www.escolaniadelospalacios.es\/new\/wp-json\/wp\/v2\/media?parent=4"}],"curies":[{"name":"wp","href":"https:\/\/api.w.org\/{rel}","templated":true}]}}